is 1011111011001001011110111000 - 1?
1011111011001001011110110111
In base 3, what is -2210212 + -221120011?
-1001101000
In base 14, what is -1b8 - -1872?
1698
In base 16, what is 2d + 40e33?
40e60
In base 8, what is 1423126615 - 4?
1423126611
In base 6, what is 35003 + -5213?
25350
In base 15, what is -103 + -37ce?
-38d2
In base 14, what is -3a34 + 37?
-39db
In base 12, what is -9 + -2a47b69?
-2a47b76
In base 5, what is 1133224 + -120?
1133104
In base 15, what is 50017a0 + 5?
50017a5
In base 11, what is 11a + -241600a?
-24159a0
In base 5, what is 12114 - 332020?
-314401
In base 13, what is 116c - -3b9?
1558
In base 5, what is 40 + 23443220?
23443310
In base 16, what is ba3110 - -1d?
ba312d
In base 5, what is 3 - 13122301120?
-13122301112
In base 2, what is 100101100 - -10100100111000101?
10100101011110001
In base 10, what is -75251847 - -5?
-75251842
In base 14, what is -a2b4b - -4?
-a2b47
In base 14, what is 4b715 + -4?
4b711
In base 5, what is -2411 + -1240104?
-1243020
In base 10, what is -15424 - -361?
-15063
In base 16, what is -3c14a - -21?
-3c129
In base 8, what is -104 + 12216556?
12216452
In base 15, what is -3685 + 93?
-35e2
In base 12, what is 12b - -43b8?
4527
In base 13, what is 4385 - -80?
4435
In base 9, what is -1880525 + 28?
-1880486
In base 11, what is -4 - 20583a1?
-20583a5
In base 9, what is -45748542 - 4?
-45748546
In base 11, what is -2076353 + 3a?
-2076314
In base 11, what is -456693 - 1?
-456694
In base 16, what is 7a37d0 + 4?
7a37d4
In base 15, what is -13 + 34cc?
34b9
In base 2, what is 10 + -10001111110011010010110110?
-10001111110011010010110100
In base 9, what is 4 - 13088513?
-13088508
In base 2, what is 1100101100011001 + -11010000000?
1100010010011001
In base 4, what is -1001 - 1013121122?
-1013122123
In base 8, what is 13652 + 15673?
31545
In base 4, what is -11003 - -1320103031?
1320032022
In base 11, what is -2811 + 13937?
11126
In base 10, what is -1713324 - -11?
-1713313
In base 9, what is -4531823 + 143?
-4531670
In base 6, what is -2200 + 11502250?
11500050
In base 3, what is -22022212021200 - 2?
-22022212021202
In base 14, what is 6dd5349 + -4?
6dd5345
In base 16, what is 1877f + -1c8?
185b7
In base 8, what is 5 - -126173732?
126173737
In base 8, what is -236610600 + -5?
-236610605
In base 4, what is 1000231323033 - 0?
1000231323033
In base 4, what is 1221 - -10201111331?
10201113212
In base 4, what is 2031221313030 - 0?
2031221313030
In base 6, what is 253212 + 43?
253255
In base 14, what is -27404 + -28?
-2742c
In base 7, what is 35 + 136102525?
136102563
In base 15, what is 88e8737 - 3?
88e8734
In base 14, what is -17960 - -11a?
-17844
In base 6, what is 5005 + -15235532?
-15230523
In base 10, what is -943913 + 1?
-943912
In base 9, what is -488208 + -42?
-488251
In base 7, what is 153555 - -1622?
155510
In base 16, what is be + 1eb248?
1eb306
In base 16, what is 2926 - -7612?
9f38
In base 16, what is -213e8e - 5?
-213e93
In base 3, what is -10 + -220002120101100?
-220002120101110
In base 13, what is -11 - -6caa91?
6caa80
In base 8, what is 711 + -517436?
-516525
In base 3, what is -2221021001 - -1120?
-2221012111
In base 15, what is -2889c - -a1?
-287eb
In base 5, what is 343114140 + -1314?
343112321
In base 14, what is 7bd3792 + 5?
7bd3797
In base 16, what is 7d3 + ca?
89d
In base 9, what is 810510 + -2?
810507
In base 14, what is -207b910 - 0?
-207b910
In base 13, what is 313944 + 0?
313944
In base 14, what is 1ca494 + 25?
1ca4b9
In base 2, what is 10010011111010 - -10011110?
10010110011000
In base 3, what is -22220220 - -122011?
-22021202
In base 15, what is 9e + -27c98?
-27be9
In base 8, what is 11465 + -301446?
-267761
In base 11, what is 4292693 - -21?
4292704
In base 2, what is 1110010100010011101 + 1011101?
1110010100011111010
In base 7, what is 4620 + 3150431?
3155351
In base 13, what is -464 + 4233?
3a9c
In base 3, what is 101 - 1112121221211200?
-1112121221211022
In base 10, what is 25 - -864798?
864823
In base 12, what is -2391a58 + -9?
-2391a65
In base 13, what is a + -11a374b?
-11a3741
In base 6, what is -1 - 3143005434?
-3143005435
In base 12, what is -3 - -851916?
851913
In base 15, what is 18 - -2707ee?
270817
In base 9, what is 10335300 - 14?
10335275
In base 11, what is -276a50 + 2215?
-274836
In base 8, what is 15 + -12777635?
-12777620
In base 15, what is -1 + 3b9b460?
3b9b45e
In base 10, what is -2898 + 7137?
4239
In base 16, what is 371b - 44?
36d7
In base 15, what is -52 - 76e60?
-76eb2
In base 13, what is -269 - 9b0a?
-a076
In base 10, what is -4615 - 4288?
-8903
In base 7, what is 1005314 + -140?
1005144
In base 8, what is 665 + 3050335?
3051222
In base 11, what is -1158 - 4593?
-5740
In base 16, what is 3eef8c + -2?
3eef8a
In base 9, what is 1441514 - -1748?
1443363
In base 2, what is 101 + 111010001011100010100110?
111010001011100010101011
In base 14, what is 6c39c - 14?
6c388
In base 2, what is -11001111101001 - -10011111011110?
-110000001011
In base 9, what is -22583 + -703?
-23386
In base 13, what is -a6bc + 569b?
-5021
In base 13, what is 393 - 1c59?
-1896
In base 7, what is 5102201 - 451?
5101420
In base 6, what is 223 - -101505212?
101505435
In base 8, what is 1 - 1777551016?
-1777551015
In base 10, what is -70 - -411701?
411631
In base 3, what is -2100 - -20210121202?
20210112102
In base 16, what is -39 - -6e6b?
6e32
In base 16, what is -60efbbc - 0?
-60efbbc
In base 6, what is 2 + 343312445?
343312451
In base 2, what is 100100101 + -1011011101010000001011?
-1011011101001011100110
In base 5, what is -12 - 12033230322?
-12033230334
In base 3, what is -10 - -21111201002012112?
21111201002012102
In base 13, what is -5 - 98b9387?
-98b938c
In base 4, what is 1113200202 + 22201?
1113223003
In base 13, what is 6c + -2376?
-2307
In base 15, what is 5d082 - 19c?
5cdd5
In base 13, what is -651a91 + 9?
-651a85
In base 2, what is -100 - -1010010110111100011100000010?
1010010110111100011011111110
In base 6, what is 553301542 + -3?
553301535
In base 13, what is 1 + 517c60?
517c61
In base 6, what is -315402 + 20312?
-255050
In base 7, what is -2106142 - -41?
-2106101
In base 8, what is -246453 + 1032?
-245421
In base 5, what is 32034023 - 1300?
32032223
In base 16, what is -7249a1f + -4?
-7249a23
In base 9, what is 4 - -270571121?
270571125
In base 5, what is -233031220 + 1124?
-233030041
In base 10, what is -8270920 + 1?
-8270919
In base 9, what is 16 - 2382758?
-2382742
In base 4, what is 3331331202022 - 1?
3331331202021
In base 13, what is -30cb8 + -7?
-30cc2
In base 3, what is 1102000100111 + -122?
1102000022212
In base 6, what is 1020 - -2243115?
2244135
In base 4, what is 103321 + -210200130?
-210030203
In base 10, what is -9 - -127583?
127574
In base 13, what is -b446 - -8b?
-b388
In base 16, what is 120e350 - f?
120e341
In base 10, what is 372219 - 53?
372166
In base 8, what is -1071 - 355272?
-356363
In base 13, what is -543 - -855?
312
In base 15, what is 447ac - 106?
446a6
In base 13, what is 6947 - 4967?
1cb0
In base 13, what is -8577c05 + -5?
-8577c0a
In base 10, what is 762303 + -20?
762283
In base 9, what is -215455837 - -4?
-215455833
In base 15, what is -1187 + -4d03?
-5e8a
In base 15, what is 12b3a138 - -4?
12b3a13c
In base 14, what is -49b + 2a82?
25c5
In base 13, what is 24 - 30a?
-2b6
In base 13, what is -108 - 132456?
-132561
In base 6, what is 3044423 - 210?
3044213
In base 11, what is -6a9748a - -4?
-6a97486
In base 4, what is 200110020302 + 2?
200110020310
In base 7, what is -205 - -12416424?
12416216
In base 15, what is -85b658 - 1?
-85b659
In base 5, what is -414 + 444331230?
444330311
In base 13, what is 8 + 3a3992?
3a399a
In base 6, what is 23555 - -24545?
52544
In base 9, what is 7 - -3887866?
3887874
In base 16, what is 2b7c2 + -31?
2b791
In base 8, what is 366 + 201411?
201777
In base 6, what is -224 + -110220?
-110444
In base 16, what is -1 - -b9cc59?
b9cc58
In base 10, what is 11 - 13019742?
-13019731
In base 5, what is -22413 + 402030?
324112
In base 11, what is 38786457 - -1a?
38786476
In base 10, what is -2000 - -1?
-1999
In base 16, what is 87 + -c3456?
-c33cf
In base 12, what is -5048b57 - 50?
-5048ba7
In base 14, what is -3482d48 + -3?
-3482d4b
In base 7, what is 2056442 - -1135?
2060610
In base 2, what is 111100010000111011 - 11001?
11